{"id":14223,"date":"2018-09-04T12:29:30","date_gmt":"2018-09-04T15:29:30","guid":{"rendered":"http:\/\/realpaxfuneraria.com.br\/realpax\/?page_id=14223"},"modified":"2018-09-04T13:33:38","modified_gmt":"2018-09-04T16:33:38","slug":"coroa-de-flores","status":"publish","type":"page","link":"https:\/\/realpaxfuneraria.com.br\/realpax\/coroa-de-flores\/","title":{"rendered":"Coroa de Flores"},"content":{"rendered":"<p>[vc_section][vc_row full_width=&#8221;stretch_row&#8221; gap=&#8221;80&#8243; content_placement=&#8221;top&#8221; css_animation=&#8221;fadeIn&#8221; css=&#8221;.vc_custom_1536076749059{padding-top: 40px !important;padding-bottom: 64px !important;}&#8221;][vc_column animation_delay=&#8221;0&#8243; offset=&#8221;vc_col-lg-6 vc_col-md-6 vc_col-xs-12&#8243;]<h6 class=\"et-highlight-title \" style=\"font-size:14px;font-weight:700;line-height:24px;letter-spacing:0.5px;color:#003751;\" data-mobile-font=\"inherit\" data-tablet-font=\"inherit\"><span class=\"title-inner\">Real Pax<span class=\"highlight-line\" style=\"background-color:#c3da56;\"><\/span><\/span><\/h6><h3 id=\"et-animated-title-1\" class=\"et-animated-title et-clearfix  words-direct\" data-mobile-font=\"32px\" data-tablet-font=\"inherit\" data-delay=\"100\" style=\"font-size:48px;font-weight:700;line-height:56px;color:#212121;\"><span class=\"text-wrapper\"><span class=\"text\">Coroa de <span class=\"highlight\" style=\"color: #003751;\">Flores<\/span> <\/span><\/span><\/h3><div class=\"gap et-clearfix \" style=\"height:56px\"><\/div>[vc_custom_heading text=&#8221;Coroa de flores para funerais, conhe\u00e7a nosso catalogo, com diversas op\u00e7\u00f5es.&#8221; font_container=&#8221;tag:p|font_size:24px|text_align:left|line_height:32px&#8221; use_theme_fonts=&#8221;yes&#8221;][vc_empty_space][\/vc_column][vc_column animation_delay=&#8221;0&#8243; offset=&#8221;vc_col-lg-6 vc_col-md-6 vc_col-xs-12&#8243;]<div id=\"image-slider-1\" data-columns=\"1\" class=\"et-image-slider thumbnail-true\"><ul id=\"image-slider-slides-1\" data-columns=\"1\" class=\"image-slider-slides owl-thumbnail-true et-clearfix\"><li class=\"et-slider-item\"><div class=\"overlay-hover\"><a data-lightbox-gallery=\"image-slider-1\" href=\"https:\/\/realpaxfuneraria.com.br\/realpax\/wp-content\/uploads\/2018\/09\/01-2.jpg\"><div class=\"image-container\"><img width=\"1170\" alt=\"\" height=\"827\" src=\"https:\/\/realpaxfuneraria.com.br\/realpax\/wp-content\/uploads\/2018\/09\/01-2.jpg\"><\/div><\/a><\/div><\/li><li class=\"et-slider-item\"><div class=\"overlay-hover\"><a data-lightbox-gallery=\"image-slider-1\" href=\"https:\/\/realpaxfuneraria.com.br\/realpax\/wp-content\/uploads\/2018\/09\/02-1.jpg\"><div class=\"image-container\"><img width=\"1170\" alt=\"\" height=\"827\" src=\"https:\/\/realpaxfuneraria.com.br\/realpax\/wp-content\/uploads\/2018\/09\/02-1.jpg\"><\/div><\/a><\/div><\/li><li class=\"et-slider-item\"><div class=\"overlay-hover\"><a data-lightbox-gallery=\"image-slider-1\" href=\"https:\/\/realpaxfuneraria.com.br\/realpax\/wp-content\/uploads\/2018\/09\/03-1.jpg\"><div class=\"image-container\"><img width=\"1170\" alt=\"\" height=\"827\" src=\"https:\/\/realpaxfuneraria.com.br\/realpax\/wp-content\/uploads\/2018\/09\/03-1.jpg\"><\/div><\/a><\/div><\/li><li class=\"et-slider-item\"><div class=\"overlay-hover\"><a data-lightbox-gallery=\"image-slider-1\" href=\"https:\/\/realpaxfuneraria.com.br\/realpax\/wp-content\/uploads\/2018\/09\/04-1.jpg\"><div class=\"image-container\"><img width=\"1260\" alt=\"\" height=\"800\" src=\"https:\/\/realpaxfuneraria.com.br\/realpax\/wp-content\/uploads\/2018\/09\/04-1.jpg\"><\/div><\/a><\/div><\/li><li class=\"et-slider-item\"><div class=\"overlay-hover\"><a data-lightbox-gallery=\"image-slider-1\" href=\"https:\/\/realpaxfuneraria.com.br\/realpax\/wp-content\/uploads\/2018\/09\/05-1.jpg\"><div class=\"image-container\"><img width=\"1170\" alt=\"\" height=\"827\" src=\"https:\/\/realpaxfuneraria.com.br\/realpax\/wp-content\/uploads\/2018\/09\/05-1.jpg\"><\/div><\/a><\/div><\/li><li class=\"et-slider-item\"><div class=\"overlay-hover\"><a data-lightbox-gallery=\"image-slider-1\" href=\"https:\/\/realpaxfuneraria.com.br\/realpax\/wp-content\/uploads\/2018\/09\/06-1.jpg\"><div class=\"image-container\"><img width=\"1170\" alt=\"\" height=\"827\" src=\"https:\/\/realpaxfuneraria.com.br\/realpax\/wp-content\/uploads\/2018\/09\/06-1.jpg\"><\/div><\/a><\/div><\/li><li class=\"et-slider-item\"><div class=\"overlay-hover\"><a data-lightbox-gallery=\"image-slider-1\" href=\"https:\/\/realpaxfuneraria.com.br\/realpax\/wp-content\/uploads\/2018\/09\/07-1.jpg\"><div class=\"image-container\"><img width=\"1170\" alt=\"\" height=\"827\" src=\"https:\/\/realpaxfuneraria.com.br\/realpax\/wp-content\/uploads\/2018\/09\/07-1.jpg\"><\/div><\/a><\/div><\/li><li class=\"et-slider-item\"><div class=\"overlay-hover\"><a data-lightbox-gallery=\"image-slider-1\" href=\"https:\/\/realpaxfuneraria.com.br\/realpax\/wp-content\/uploads\/2018\/09\/08-1.jpg\"><div class=\"image-container\"><img width=\"1170\" alt=\"\" height=\"827\" src=\"https:\/\/realpaxfuneraria.com.br\/realpax\/wp-content\/uploads\/2018\/09\/08-1.jpg\"><\/div><\/a><\/div><\/li><li class=\"et-slider-item\"><div class=\"overlay-hover\"><a data-lightbox-gallery=\"image-slider-1\" href=\"https:\/\/realpaxfuneraria.com.br\/realpax\/wp-content\/uploads\/2018\/09\/09-1.jpg\"><div class=\"image-container\"><img width=\"1170\" alt=\"\" height=\"827\" src=\"https:\/\/realpaxfuneraria.com.br\/realpax\/wp-content\/uploads\/2018\/09\/09-1.jpg\"><\/div><\/a><\/div><\/li><\/ul><ul id=\"image-slider-thumbnail-1\" class=\"image-slider-thumbnail et-clearfix\"><li><div class=\"image-container\"><img width=\"150\" height=\"150\" alt=\"\" src=\"https:\/\/realpaxfuneraria.com.br\/realpax\/wp-content\/uploads\/2018\/09\/01-2-150x150.jpg\"><\/div><\/li><li><div class=\"image-container\"><img width=\"150\" height=\"150\" alt=\"\" src=\"https:\/\/realpaxfuneraria.com.br\/realpax\/wp-content\/uploads\/2018\/09\/02-1-150x150.jpg\"><\/div><\/li><li><div class=\"image-container\"><img width=\"150\" height=\"150\" alt=\"\" src=\"https:\/\/realpaxfuneraria.com.br\/realpax\/wp-content\/uploads\/2018\/09\/03-1-150x150.jpg\"><\/div><\/li><li><div class=\"image-container\"><img width=\"150\" height=\"150\" alt=\"\" src=\"https:\/\/realpaxfuneraria.com.br\/realpax\/wp-content\/uploads\/2018\/09\/04-1-150x150.jpg\"><\/div><\/li><li><div class=\"image-container\"><img width=\"150\" height=\"150\" alt=\"\" src=\"https:\/\/realpaxfuneraria.com.br\/realpax\/wp-content\/uploads\/2018\/09\/05-1-150x150.jpg\"><\/div><\/li><li><div class=\"image-container\"><img width=\"150\" height=\"150\" alt=\"\" src=\"https:\/\/realpaxfuneraria.com.br\/realpax\/wp-content\/uploads\/2018\/09\/06-1-150x150.jpg\"><\/div><\/li><li><div class=\"image-container\"><img width=\"150\" height=\"150\" alt=\"\" src=\"https:\/\/realpaxfuneraria.com.br\/realpax\/wp-content\/uploads\/2018\/09\/07-1-150x150.jpg\"><\/div><\/li><li><div class=\"image-container\"><img width=\"150\" height=\"150\" alt=\"\" src=\"https:\/\/realpaxfuneraria.com.br\/realpax\/wp-content\/uploads\/2018\/09\/08-1-150x150.jpg\"><\/div><\/li><li><div class=\"image-container\"><img width=\"150\" height=\"150\" alt=\"\" src=\"https:\/\/realpaxfuneraria.com.br\/realpax\/wp-content\/uploads\/2018\/09\/09-1-150x150.jpg\"><\/div><\/li><\/ul><\/div><div class=\"gap et-clearfix \" style=\"height:56px\"><\/div>[\/vc_column][\/vc_row][\/vc_section]<\/p>\n","protected":false},"excerpt":{"rendered":"<p>Leverage agile frameworks to provide a robust synopsis for high level overviews. Iterative approaches to corporate strategy foster collaborative thinking to further the overall value proposition. Organically grow the holistic world view of disruptive innovation via workplace diversity and empowerment.<\/p>\n","protected":false},"author":1,"featured_media":0,"parent":0,"menu_order":0,"comment_status":"closed","ping_status":"closed","template":"page-vc.php","meta":[],"_links":{"self":[{"href":"https:\/\/realpaxfuneraria.com.br\/realpax\/wp-json\/wp\/v2\/pages\/14223"}],"collection":[{"href":"https:\/\/realpaxfuneraria.com.br\/realpax\/wp-json\/wp\/v2\/pages"}],"about":[{"href":"https:\/\/realpaxfuneraria.com.br\/realpax\/wp-json\/wp\/v2\/types\/page"}],"author":[{"embeddable":true,"href":"https:\/\/realpaxfuneraria.com.br\/realpax\/wp-json\/wp\/v2\/users\/1"}],"replies":[{"embeddable":true,"href":"https:\/\/realpaxfuneraria.com.br\/realpax\/wp-json\/wp\/v2\/comments?post=14223"}],"version-history":[{"count":6,"href":"https:\/\/realpaxfuneraria.com.br\/realpax\/wp-json\/wp\/v2\/pages\/14223\/revisions"}],"predecessor-version":[{"id":14371,"href":"https:\/\/realpaxfuneraria.com.br\/realpax\/wp-json\/wp\/v2\/pages\/14223\/revisions\/14371"}],"wp:attachment":[{"href":"https:\/\/realpaxfuneraria.com.br\/realpax\/wp-json\/wp\/v2\/media?parent=14223"}],"curies":[{"name":"wp","href":"https:\/\/api.w.org\/{rel}","templated":true}]}}