{"id":14195,"date":"2018-09-04T12:11:09","date_gmt":"2018-09-04T15:11:09","guid":{"rendered":"http:\/\/realpaxfuneraria.com.br\/realpax\/?page_id=14195"},"modified":"2018-09-04T12:55:36","modified_gmt":"2018-09-04T15:55:36","slug":"crematorios","status":"publish","type":"page","link":"https:\/\/realpaxfuneraria.com.br\/realpax\/crematorios\/","title":{"rendered":"Cremat\u00f3rios"},"content":{"rendered":"<p>[vc_section][vc_row gap=&#8221;80&#8243; content_placement=&#8221;top&#8221; css_animation=&#8221;fadeIn&#8221; css=&#8221;.vc_custom_1536076522403{padding-top: 40px !important;padding-bottom: 64px !important;}&#8221;][vc_column animation_delay=&#8221;0&#8243; offset=&#8221;vc_col-lg-6 vc_col-md-6 vc_col-xs-12&#8243;]<h6 class=\"et-highlight-title \" style=\"font-size:14px;font-weight:700;line-height:24px;letter-spacing:0.5px;color:#003751;\" data-mobile-font=\"inherit\" data-tablet-font=\"inherit\"><span class=\"title-inner\">Real Pax<span class=\"highlight-line\" style=\"background-color:#c3da56;\"><\/span><\/span><\/h6><h3 id=\"et-animated-title-1\" class=\"et-animated-title et-clearfix  words-direct\" data-mobile-font=\"32px\" data-tablet-font=\"inherit\" data-delay=\"100\" style=\"font-size:48px;font-weight:700;line-height:56px;color:#212121;\"><span class=\"text-wrapper\"><span class=\"text\">Cremat\u00f3rios <span class=\"highlight\" style=\"color: #003751;\">Atendidos<\/span> <\/span><\/span><\/h3><div class=\"gap et-clearfix \" style=\"height:56px\"><\/div>[vc_custom_heading text=&#8221;Como permission\u00e1ria municipal atendemos em todos os cremat\u00f3rios do munic\u00edpio do RJ e Grande RJ, abaixo listamos alguns:&#8221; font_container=&#8221;tag:p|font_size:24px|text_align:left|line_height:32px&#8221; use_theme_fonts=&#8221;yes&#8221;][vc_empty_space]<ul class=\"et-list-icon  small\"><li ><div class=\"icon-wrap\"><div class=\"icon small\" style=\"color:#003751;\"><span class=\"small fas fa-check\"><\/span><\/div><\/div><div>Cremat\u00f3ria da Penit\u00eancia<\/div><\/li><li ><div class=\"icon-wrap\"><div class=\"icon small\" style=\"color:#003751;\"><span class=\"small fas fa-check\"><\/span><\/div><\/div><div>Cremat\u00f3rio Memorial do Carmo<\/div><\/li><li ><div class=\"icon-wrap\"><div class=\"icon small\" style=\"color:#003751;\"><span class=\"small fas fa-check\"><\/span><\/div><\/div><div>Cremat\u00f3rio do Caju<\/div><\/li><li ><div class=\"icon-wrap\"><div class=\"icon small\" style=\"color:#003751;\"><span class=\"small fas fa-check\"><\/span><\/div><\/div><div>Cremat\u00f3rio do Catumbi<\/div><\/li><li ><div class=\"icon-wrap\"><div class=\"icon small\" style=\"color:#003751;\"><span class=\"small fas fa-check\"><\/span><\/div><\/div><div>Cremat\u00f3rio de Teres\u00f3polis<\/div><\/li><li ><div class=\"icon-wrap\"><div class=\"icon small\" style=\"color:#003751;\"><span class=\"small fas fa-check\"><\/span><\/div><\/div><div>Cremat\u00f3rio OAF em Itabora\u00ed<\/div><\/li><li ><div class=\"icon-wrap\"><div class=\"icon small\" style=\"color:#003751;\"><span class=\"small fas fa-check\"><\/span><\/div><\/div><div>Cremat\u00f3rio do Parque da Colina em Niter\u00f3i<\/div><\/li><\/ul><div class=\"gap et-clearfix \" style=\"height:56px\"><\/div>[vc_custom_heading text=&#8221;Imprima o formul\u00e1rio de crema\u00e7\u00e3o, em caso de d\u00favidas entre em contato com a nossa central&#8221; font_container=&#8221;tag:p|font_size:24px|text_align:left|line_height:32px&#8221; use_theme_fonts=&#8221;yes&#8221; link=&#8221;url:http%3A%2F%2Frealpaxfuneraria.com.br%2Frealpax%2Fcremacao.pdf|title:download|target:%20_blank|&#8221;][vc_custom_heading text=&#8221;Clique aqui para download.&#8221; font_container=&#8221;tag:p|font_size:24px|text_align:left|color:%23c3da56|line_height:32px&#8221; use_theme_fonts=&#8221;yes&#8221; link=&#8221;url:http%3A%2F%2Frealpaxfuneraria.com.br%2Frealpax%2Fcremacao.pdf|title:download|target:%20_blank|&#8221;][\/vc_column][vc_column animation_delay=&#8221;0&#8243; offset=&#8221;vc_col-lg-6 vc_col-md-6 vc_col-xs-12&#8243;]<div data-curtain=\"false\" data-preloader=\"false\" data-decoration=\"false\" data-decoration-size=\"small\" data-animation-delay=\"0\" data-parallax=\"false\" data-coordinatex=\"0\" data-coordinatey=\"0\" data-speed=\"1\" class=\"et-custom-image  alignnone overlay-none curtain-left\"><div class=\"overlay-hover\"><div class=\"image\"><div class=\"image-container\"><img width=\"1600\" height=\"1067\" src=\"https:\/\/realpaxfuneraria.com.br\/realpax\/wp-content\/uploads\/2018\/08\/CREMACAO.jpg\" alt=\"\"><\/div><\/div><\/div><\/div>[\/vc_column][\/vc_row][\/vc_section]<\/p>\n","protected":false},"excerpt":{"rendered":"<p>Leverage agile frameworks to provide a robust synopsis for high level overviews. Iterative approaches to corporate strategy foster collaborative thinking to further the overall value proposition. Organically grow the holistic world view of disruptive innovation via workplace diversity and empowerment.<\/p>\n","protected":false},"author":1,"featured_media":0,"parent":0,"menu_order":0,"comment_status":"closed","ping_status":"closed","template":"page-vc.php","meta":[],"_links":{"self":[{"href":"https:\/\/realpaxfuneraria.com.br\/realpax\/wp-json\/wp\/v2\/pages\/14195"}],"collection":[{"href":"https:\/\/realpaxfuneraria.com.br\/realpax\/wp-json\/wp\/v2\/pages"}],"about":[{"href":"https:\/\/realpaxfuneraria.com.br\/realpax\/wp-json\/wp\/v2\/types\/page"}],"author":[{"embeddable":true,"href":"https:\/\/realpaxfuneraria.com.br\/realpax\/wp-json\/wp\/v2\/users\/1"}],"replies":[{"embeddable":true,"href":"https:\/\/realpaxfuneraria.com.br\/realpax\/wp-json\/wp\/v2\/comments?post=14195"}],"version-history":[{"count":6,"href":"https:\/\/realpaxfuneraria.com.br\/realpax\/wp-json\/wp\/v2\/pages\/14195\/revisions"}],"predecessor-version":[{"id":14197,"href":"https:\/\/realpaxfuneraria.com.br\/realpax\/wp-json\/wp\/v2\/pages\/14195\/revisions\/14197"}],"wp:attachment":[{"href":"https:\/\/realpaxfuneraria.com.br\/realpax\/wp-json\/wp\/v2\/media?parent=14195"}],"curies":[{"name":"wp","href":"https:\/\/api.w.org\/{rel}","templated":true}]}}